 factors of 14853603?
3, 41, 197, 613
List the prime factors of 2899359.
3, 277, 1163
List the prime factors of 505277.
505277
What are the prime factors of 715346?
2, 23, 15551
List the prime factors of 654869.
131, 4999
What are the prime factors of 24265?
5, 23, 211
List the prime factors of 275254.
2, 7, 19661
List the prime factors of 360279.
3, 40031
List the prime factors of 97256.
2, 12157
What are the prime factors of 2889798?
2, 3, 481633
What are the prime factors of 5527777?
29, 190613
List the prime factors of 111650.
2, 5, 7, 11, 29
What are the prime factors of 510780?
2, 3, 5, 8513
What are the prime factors of 1628208?
2, 3, 3769
What are the prime factors of 441323?
173, 2551
What are the prime factors of 10512476?
2, 13, 15551
What are the prime factors of 694987?
694987
List the prime factors of 121956.
2, 3, 10163
List the prime factors of 5398977.
3, 1063, 1693
What are the prime factors of 308378?
2, 7, 22027
What are the prime factors of 4749937?
23, 206519
List the prime factors of 5845392.
2, 3, 7, 1933
List the prime factors of 27223.
7, 3889
List the prime factors of 259531.
259531
List the prime factors of 12565411.
109, 115279
List the prime factors of 3669069.
3, 271, 4513
What are the prime factors of 7072536?
2, 3, 157, 1877
What are the prime factors of 93987?
3, 59
What are the prime factors of 1394678?
2, 37, 47, 401
List the prime factors of 6963.
3, 11, 211
What are the prime factors of 36300671?
11, 3300061
What are the prime factors of 11360?
2, 5, 71
What are the prime factors of 430502?
2, 19, 11329
What are the prime factors of 247210?
2, 5, 59, 419
List the prime factors of 8473290.
2, 3, 5, 7, 157, 257
List the prime factors of 2474757.
3, 274973
List the prime factors of 4391303.
7, 627329
List the prime factors of 4870636.
2, 17, 41, 1747
What are the prime factors of 3502335?
3, 5, 233489
List the prime factors of 27655316.
2, 13, 531833
What are the prime factors of 28126319?
13, 1301, 1663
What are the prime factors of 118313?
13, 19, 479
List the prime factors of 1580813.
13, 17, 23, 311
List the prime factors of 410085.
3, 5, 13, 701
What are the prime factors of 583147?
583147
List the prime factors of 109073.
109073
What are the prime factors of 1694465?
5, 338893
What are the prime factors of 18499948?
2, 4624987
List the prime factors of 258402.
2, 3, 43067
List the prime factors of 2538241.
2538241
List the prime factors of 129546.
2, 3, 2399
List the prime factors of 241235.
5, 48247
List the prime factors of 2057211.
3, 13, 5861
List the prime factors of 271344.
2, 3, 5653
List the prime factors of 481515.
3, 5, 47, 683
What are the prime factors of 17361022?
2, 7, 19, 65267
List the prime factors of 282386.
2, 13, 10861
What are the prime factors of 940126?
2, 11, 151, 283
What are the prime factors of 165527?
165527
What are the prime factors of 3640263?
3, 11, 110311
List the prime factors of 5014741.
587, 8543
What are the prime factors of 9157212?
2, 3, 9421
List the prime factors of 29807138.
2, 14903569
List the prime factors of 1092962.
2, 13, 127, 331
List the prime factors of 247041.
3, 27449
List the prime factors of 1361660.
2, 5, 103, 661
What are the prime factors of 32744778?
2, 3, 11, 23, 37, 53
List the prime factors of 16439514.
2, 3, 7, 13, 30109
What are the prime factors of 6109731?
3, 678859
What are the prime factors of 1643847?
3, 43, 12743
List the prime factors of 41534.
2, 19, 1093
What are the prime factors of 733968?
2, 3, 1699
What are the prime factors of 3575889?
3, 83, 4787
List the prime factors of 3759684.
2, 3, 313307
What are the prime factors of 16216496?
2, 1013531
List the prime factors of 415600.
2, 5, 1039
What are the prime factors of 596416?
2, 9319
List the prime factors of 10618.
2, 5309
What are the prime factors of 826384?
2, 13, 29, 137
List the prime factors of 177823.
177823
What are the prime factors of 2737492?
2, 684373
List the prime factors of 3038519.
11, 276229
What are the prime factors of 770943?
3, 256981
What are the prime factors of 781321?
781321
What are the prime factors of 2917266?
2, 3, 11, 44201
What are the prime factors of 284936?
2, 35617
What are the prime factors of 11965844?
2, 11, 151, 1801
List the prime factors of 81649.
81649
List the prime factors of 603487.
603487
List the prime factors of 839274.
2, 3, 43, 3253
List the prime factors of 19995.
3, 5, 31, 43
What are the prime factors of 7519812?
2, 3, 47, 67, 199
List the prime factors of 8045418.
2, 3, 1340903
What are the prime factors of 809854?
2, 29, 13963
What are the prime factors of 264606?
2, 3, 44101
What are the prime factors of 306007?
13, 23539
List the prime factors of 205987.
29, 7103
List the prime factors of 316953.
3, 7, 13, 43
List the prime factors of 1157882.
2, 11, 52631
What are the prime factors of 216734?
2, 7, 113, 137
What are the prime factors of 844859?
23, 109, 337
What are the prime factors of 8578945?
5, 1715789
List the prime factors of 2678447.
2678447
What are the prime factors of 73716?
2, 3, 6143
What are the prime factors of 547991?
443, 1237
List the prime factors of 181459.
181459
List the prime factors of 929446.
2, 7, 197, 337
List the prime factors of 61709.
23, 2683
What are the prime factors of 447143?
23, 19441
List the prime factors of 466626.
2, 3, 83, 937
List the prime factors of 1344895.
5, 268979
What are the prime factors of 203680?
2, 5, 19, 67
List the prime factors of 2357213.
41, 57493
What are the prime factors of 2728000?
2, 5, 11, 31
What are the prime factors of 274753?
31, 8863
List the prime factors of 34365042.
2, 3, 73, 26153
List the prime factors of 213619.
7, 30517
What are the prime factors of 12729437?
7, 31, 58661
List the prime factors of 1793387.
1793387
List the prime factors of 1664660.
2, 5, 83233
What are the prime factors of 181951?
7, 11, 17, 139
List the prime factors of 61747.
7, 8821
What are the prime factors of 3736272?
2, 3, 77839
What are the prime factors of 144587?
191, 757
What are the prime factors of 6838564?
2, 191, 8951
List the prime factors of 1016141.
7, 17, 8539
List the prime factors of 70950.
2, 3, 5, 11, 43
List the prime factors of 163007.
13, 12539
What are the prime factors of 6771132?
2, 3, 127, 1481
List the prime factors of 334050.
2, 3, 5, 17, 131
List the prime factors of 1665232.
2, 199, 523
What are the prime factors of 32234718?
2, 3, 29, 61, 3037
What are the prime factors of 664987?
149, 4463
List the prime factors of 1963693.
1963693
What are the prime factors of 3173466?
2, 3, 528911
What are the prime factors of 221054?
2, 110527
What are the prime factors of 4076339?
4076339
List the prime factors of 149500.
2, 5, 13, 23
What are the prime factors of 10292220?
2, 3, 5, 57179
List the prime factors of 5077293.
3, 13, 211, 617
List the prime factors of 2109308.
2, 527327
List the prime factors of 189974.
2, 43, 47
What are the prime factors of 18399975?
3, 5, 11, 22303
List the prime factors of 969109.
969109
List the prime factors of 5815907.
5815907
List the prime factors of 208617.
3, 69539
What are the prime factors of 286117?
13, 1693
List the prime factors of 8318455.
5, 139, 11969
List the prime factors of 868044.
2, 3, 72337
What are the prime factors of 643784?
2, 80473
What are the prime factors of 632346?
2, 3, 11, 13, 67
List the prime factors of 1525524.
2, 3, 7, 11, 13, 127
List the prime factors of 187739.
19, 41, 241
List the prime factors of 2655.
3, 5, 59
List the prime factors of 28350951.
3, 17, 29, 661
List the prime factors of 2554266.
2, 3, 11, 13, 229
What are the prime factors of 747954?
2, 3, 19
What are the prime factors of 266331?
3, 13, 6829
What are the prime factors of 14096891?
14096891
What are the prime factors of 512576?
2, 8009
What are the prime factors of 2934050?
2, 5, 7, 83, 101
What are the prime factors of 9071736?
2, 3, 191, 1979
List the prime factors of 316529.
61, 5189
List the prime factors of 4069842.
2, 3, 7, 109, 127
List the prime factors of 20743762.
2, 13, 313, 2549
List the prime factors of 185934.
2, 3, 7, 19, 233
What are the prime factors of 387126?
2, 3, 67, 107
List the prime factors of 389346.
2, 3, 64891
List the prime factors of 188026.
2, 41, 2293
List the prime factors of 842